1616.
2, 3, 61, 547
What are the prime factors of 18273845?
5, 23, 131, 1213
List the prime factors of 3164581.
7, 452083
List the prime factors of 2784530.
2, 5, 7, 39779
What are the prime factors of 7632858?
2, 3, 29, 43867
What are the prime factors of 19562845?
5, 3912569
List the prime factors of 10545866.
2, 499, 10567
List the prime factors of 209062.
2, 7, 109, 137
What are the prime factors of 1510640?
2, 5, 23, 821
What are the prime factors of 7718506?
2, 3859253
List the prime factors of 2964386.
2, 1482193
What are the prime factors of 250486?
2, 125243
List the prime factors of 3941850.
2, 3, 5, 11, 2389
List the prime factors of 2892416.
2, 59, 383
List the prime factors of 11897658.
2, 3, 220327
List the prime factors of 292065.
3, 5, 19471
List the prime factors of 528499.
443, 1193
What are the prime factors of 18231269?
7, 37, 43, 1637
List the prime factors of 13934.
2, 6967
What are the prime factors of 5651069?
5651069
List the prime factors of 1119850.
2, 5, 22397
List the prime factors of 196886.
2, 98443
List the prime factors of 114910.
2, 5, 11491
What are the prime factors of 165647?
151, 1097
What are the prime factors of 33829418?
2, 7, 157, 15391
What are the prime factors of 2481121?
2481121
List the prime factors of 2073544.
2, 11, 23563
List the prime factors of 4309220.
2, 5, 215461
List the prime factors of 5107919.
5107919
List the prime factors of 1746139.
1746139
What are the prime factors of 579283?
579283
List the prime factors of 428790.
2, 3, 5, 14293
What are the prime factors of 556991?
23, 61, 397
What are the prime factors of 831518?
2, 415759
What are the prime factors of 789793?
789793
List the prime factors of 4890717.
3, 13, 41801
List the prime factors of 132001.
132001
List the prime factors of 17432337.
3, 13, 446983
List the prime factors of 243645.
3, 5, 37, 439
What are the prime factors of 92346?
2, 3, 15391
What are the prime factors of 3944?
2, 17, 29
List the prime factors of 927095.
5, 13, 17, 839
List the prime factors of 681084.
2, 3, 18919
List the prime factors of 6174598.
2, 401, 7699
List the prime factors of 30381.
3, 13, 19, 41
List the prime factors of 4160172.
2, 3, 17, 20393
List the prime factors of 4866337.
7, 19, 5227
List the prime factors of 11901.
3, 3967
What are the prime factors of 34726?
2, 97, 179
What are the prime factors of 8156818?
2, 4078409
List the prime factors of 27068516.
2, 23, 294223
What are the prime factors of 2154457?
227, 9491
List the prime factors of 198247.
7, 127, 223
List the prime factors of 1378847.
1378847
List the prime factors of 31933859.
1583, 20173
List the prime factors of 202916.
2, 7, 7247
What are the prime factors of 8594585?
5, 29, 59273
What are the prime factors of 490823?
31, 71, 223
What are the prime factors of 15159031?
31, 489001
What are the prime factors of 95362?
2, 47681
What are the prime factors of 2451969?
3, 13, 19, 1103
List the prime factors of 650424.
2, 3, 41, 661
List the prime factors of 1908841.
11, 173531
What are the prime factors of 6182393?
7, 151, 5849
List the prime factors of 21084370.
2, 5, 2108437
What are the prime factors of 22793330?
2, 5, 7, 181, 257
What are the prime factors of 100195?
5, 29, 691
What are the prime factors of 125787?
3, 23, 1823
What are the prime factors of 850603?
13, 59, 1109
What are the prime factors of 6116699?
6116699
What are the prime factors of 272040?
2, 3, 5, 2267
What are the prime factors of 664505?
5, 347, 383
What are the prime factors of 33034?
2, 83, 199
What are the prime factors of 394020?
2, 3, 5, 11, 199
List the prime factors of 2232495.
3, 5, 23, 719
What are the prime factors of 53784?
2, 3, 83
List the prime factors of 914694.
2, 3, 11, 13859
What are the prime factors of 237154?
2, 283, 419
List the prime factors of 225774.
2, 3, 37, 113
List the prime factors of 1217586.
2, 3, 202931
List the prime factors of 369282.
2, 3, 61547
What are the prime factors of 4804226?
2, 7, 19, 18061
List the prime factors of 8786620.
2, 5, 17, 43, 601
List the prime factors of 1081625.
5, 17, 509
What are the prime factors of 1526090?
2, 5, 17, 47, 191
What are the prime factors of 1451490?
2, 3, 5, 48383
List the prime factors of 4406767.
47, 93761
List the prime factors of 9931782.
2, 3, 7, 236471
List the prime factors of 194632.
2, 24329
List the prime factors of 3227249.
3227249
List the prime factors of 308392.
2, 7, 5507
List the prime factors of 208263.
3, 11, 6311
List the prime factors of 67140.
2, 3, 5, 373
List the prime factors of 34633619.
43, 18731
List the prime factors of 14236222.
2, 7, 11, 13, 547
What are the prime factors of 76856?
2, 13, 739
What are the prime factors of 217509?
3, 72503
List the prime factors of 140337.
3, 31, 503
What are the prime factors of 424719?
3, 41, 1151
What are the prime factors of 12271121?
23, 127, 4201
What are the prime factors of 8690455?
5, 257, 6763
List the prime factors of 3583029.
3, 1194343
What are the prime factors of 2932988?
2, 47, 15601
List the prime factors of 85015.
5, 7, 347
List the prime factors of 361012.
2, 17, 5309
What are the prime factors of 160960?
2, 5, 503
List the prime factors of 455158.
2, 11, 17, 1217
What are the prime factors of 2610722?
2, 67, 19483
What are the prime factors of 224440?
2, 5, 31, 181
List the prime factors of 22823.
29, 787
What are the prime factors of 135096?
2, 3, 13, 433
List the prime factors of 14447942.
2, 19, 20011
List the prime factors of 377389.
107, 3527
List the prime factors of 20168931.
3, 647, 10391
List the prime factors of 2429607.
3, 809869
What are the prime factors of 4854658?
2, 29, 83701
List the prime factors of 20631.
3, 13, 23
List the prime factors of 1826549.
1826549
What are the prime factors of 4168939?
4168939
List the prime factors of 712992.
2, 3, 7, 1061
List the prime factors of 32078.
2, 43, 373
List the prime factors of 2756606.
2, 157, 8779
List the prime factors of 3361083.
3, 11, 179, 569
What are the prime factors of 33935277?
3, 11311759
List the prime factors of 3461573.
101, 34273
List the prime factors of 784808.
2, 98101
What are the prime factors of 14449422?
2, 3, 13, 17, 641
What are the prime factors of 160300?
2, 5, 7, 229
List the prime factors of 11752.
2, 13, 113
List the prime factors of 806822.
2, 37, 10903
List the prime factors of 1978631.
1978631
List the prime factors of 3019496.
2, 37, 101
What are the prime factors of 7850642?
2, 293, 13397
List the prime factors of 226098.
2, 3, 53, 79
List the prime factors of 934529.
479, 1951
What are the prime factors of 4466778?
2, 3, 197, 3779
List the prime factors of 43151.
43151
List the prime factors of 104578.
2, 52289
What are the prime factors of 1687168?
2, 7, 269
What are the prime factors of 140633?
67, 2099
What are the prime factors of 5045?
5, 1009
What are the prime factors of 104598?
2, 3, 13, 149
List the prime factors of 1078148.
2, 23, 11719
List the prime factors of 71285.
5, 53, 269
List the prime factors of 48996.
2, 3, 1361
What are the prime factors of 6037028?
2, 43, 35099
What are the prime factors of 1583949?
3, 527983
List the prime factors of 3756349.
173, 21713
What are the prime factors of 184451?
67, 2753
List the prime factors of 378039.
3, 126013
List the prime factors of 2298519.
3, 17, 83, 181
List the prime factors of 268455.
3, 5, 11, 1627
What are the prime factors of 252662?
2, 19, 61, 109
What are the prime factors of 10400560?
2, 5, 29, 4483
What are the prime factors of 366909?
3, 19, 41, 157
What are the prime factors of 110439?
3, 7, 1753
List the prime factors of 63161.
7, 1289
List the prime factors of 4256814.
2, 3, 709469
List the prime factors of 70170.
2, 3, 5, 2339
What are the prime factors of 150026?
2, 75013
What are the prime factors of 916995?
3, 5, 113, 541
List the prime factors of 20587.
7, 17, 173
List the prime factors of 30444273.
3, 3382697
What are the prime factors of 24662630?
2, 5, 2466263
What are the prime factors of 77564?
2, 19391
List the prime factors of 2918166.
2, 3, 139, 3499
What are the prime factors of 6874744?
2, 401, 2143
What are the prime factors of 14545363?
7, 2077909
List the prime factors of 6341109.
3, 2113703
What are the prime factors of 9070583?
9070583
What are